*r + 33375. Let i = v - 2573. Is i prime?
False
Suppose h + 3*h - y - 63 = 0, -2*y + 69 = 5*h. Suppose 4*u - h = 4*v + 5, 2*u - 1 = -v. Is (-4 + (-2190)/(-2))*(-1 + u) composite?
False
Let g = -185 - -192. Is 838 + -5 + g + -1 prime?
True
Let p be (-12)/(-16)*(-13 - -53). Suppose p*i = 33*i - 30111. Is i a composite number?
False
Let s(f) = 2*f**2 + 14*f + 56. Let x be s(13). Suppose 2*z - 679 = -3*y, -2*y = 2*z - 0*y - 680. Let c = x + z. Is c prime?
False
Suppose -64*h = -156*h + 6910396. Is h a composite number?
True
Let d be (-4)/6 + 88/24. Suppose -d*g = -2*g. Suppose -m - 3*y + 676 = 0, g*y + y - 682 = -m. Is m composite?
True
Let k(z) = 61*z**2 - 39*z - 4. Let a be k(3). Let r = a - 177. Is r a composite number?
False
Let q = 374801 + 214576. Is q prime?
False
Let d(o) = -26*o + 210. Let z be d(8). Suppose -z*p = -5*c - 2837 + 10716, -2*p = -6. Is c a composite number?
True
Is 4*(7 - (-1898535)/30) a composite number?
True
Let k = 521899 - 352640. Is k composite?
False
Let h = -20271 + 37648. Is h a composite number?
False
Let t be (1/2)/(45/(-12505320)). Is t/(-9) + (-5)/(-15) a composite number?
False
Let h(x) = 739*x**2 + 29*x + 43. Is h(6) prime?
True
Is (-13990)/10*(-22 - 1) a composite number?
True
Suppose -133 = 5*a - 173. Suppose a*g - 7563 = -5*h + 12*g, -3*h = -g - 4535. Is h a prime number?
True
Suppose 0 = 4*s + 2*p - 395838, 8*p - 13*p = -3*s + 296872. Suppose -5*l + 4*l - q = -32997, 0 = 3*l - 5*q - s. Is l a prime number?
True
Let o(z) = -z + 11. Let i be o(5). Let n = -1759 + 1765. Is (1772/n)/(i/9) a prime number?
True
Let w(s) = 9*s**2 - 14*s - 2409. Is w(-116) prime?
True
Let o(v) = 67*v**2 - 5*v - 14. Let y be o(-4). Suppose y + 5284 = 2*s. Is s a prime number?
True
Suppose 4*k + 56 = 4*u, -4*u + k - 3*k = -68. Let l be ((-1)/(-3))/(u/96). Is (-4)/8*-31*l a prime number?
True
Let c be (-3 - -18) + (0 - 6). Suppose 0 = c*a - 21274 - 7283. Is a prime?
False
Suppose u - 5*j = 3, 13*j - 27 = -3*u + 10*j. Suppose 4*y = u*y + 3*s - 51013, 5*s = 3*y - 38296. Is y composite?
False
Let j be (-483)/(-92) + 6/8. Is (j - 10922)*(0 + (-2)/8) a composite number?
False
Suppose -3*x - 684 = 1095. Let b = x - 733. Is ((-1)/3 - b/(-18))/(-2) a prime number?
True
Let u be ((-12)/(-10))/(111/(-29230)). Let a be ((-2286)/(-15))/(2/10). Let f = a + u. Is f composite?
True
Let t = 0 + 0. Suppose -55900 - 87860 = -40*f. Suppose t = -10*k + 4*k + f. Is k composite?
False
Let u(k) be the second derivative of -4628*k**3/3 - 51*k**2/2 + 94*k. Is u(-4) a composite number?
False
Suppose 3*s - 4*f + 18452 = 0, 2*s + 2*f + 3*f = -12309. Let n = 14853 + s. Suppose 9*g - n = 8102. Is g a composite number?
False
Let g be (5 + -8)/(12/(-20)). Is 487 - (g/1 + -10 + 5) prime?
True
Suppose 0 = -0*m - m + 9. Suppose -8803 = -6*c + 935. Is (2 - 15/m)*1*c prime?
True
Let f(b) = -8658*b + 6485. Is f(-16) a prime number?
False
Let a(o) = o**2 - 6*o - 33. Let r be a(10). Let s = r + -33. Is (s - 0)*((-9)/(-6) - 7) prime?
False
Is (-21)/6 + (-8406835)/(-190) prime?
False
Suppose 4*m - 480466 = -5*a - 106709, -224256 = -3*a - 3*m. Is a composite?
True
Suppose f = 4*u - 367992, 32*f - 31*f = 5*u - 459989. Is u prime?
True
Let d(w) = w**3 - w**2 + w. Let j(b) = b**3 - b**2 + 17*b - 9. Let z(v) = 3*d(v) - j(v). Let c be (-88)/(-9) - (-6)/27. Is z(c) prime?
True
Let b be ((-15)/(-6))/(-5) - 34/(-4). Is b/64 - (-27095)/8 composite?
True
Suppose -8*q + 806468 = -681108. Is q composite?
False
Let u = -248 - -251. Suppose n + 3*n + 5*f = 17007, -u*f - 21305 = -5*n. Is n a prime number?
False
Suppose 0 = -4*j - j - 5*s - 70, -56 = 4*j - s. Let m(l) = l + 24. Let u be m(j). Suppose -u + 482 = h + 3*q, -4*h + 5*q + 1973 = 0. Is h a prime number?
True
Let y be -3*3/(-27)*-15. Let h(d) = d**2 + 8*d + 12. Let w be h(y). Is 6*(104 + w) + 5 prime?
False
Let w = -14047 - -5094. Let j = 12962 + w. Is j composite?
True
Is (-368967)/(-87) - (1 + -13) a prime number?
True
Let o(b) = -b**3 - 2*b**2 + b - 2. Let t be 12/(9/3) - 7. Let x be o(t). Suppose 4*n - 3*r - 488 = 2*n, x*n - 980 = 4*r. Is n prime?
False
Let y(v) = -v**3 - 44*v**2 - 96*v + 85. Is y(-56) prime?
True
Suppose -1185622 = 17*q - 3963371. Is q prime?
False
Let s(p) = -66*p**2 + 1. Let j be s(1). Let z = j - 341. Let v = z - -1467. Is v composite?
False
Let v = -20527 + 46610. Is v a composite number?
False
Suppose -70*i + 82 = -68*i. Suppose -i*a + 54996 = -29*a. Is a a prime number?
True
Suppose 4*v + v - 320765 = 0. Suppose -4101 = 4*d - v. Is d a composite number?
False
Let z be (69 - 0) + -3 + 4. Let b = -346 + 327. Let p = b + z. Is p a prime number?
False
Suppose f - 4*v = -137735, -3*v + 140366 = -f + 2636. Is f/(-25) + (-3 - 51/(-15)) prime?
False
Let d = 5219 + -4056. Is d composite?
False
Let o be 14/1155*11 + (-489836)/(-30). Let h = o - 8697. Is h a prime number?
False
Let r = 14847 + 20130. Suppose -6*y - 3183 + r = 0. Is y prime?
False
Let q = 268595 - 142912. Is q composite?
False
Let v(g) = 62*g**3 + 49*g**2 - 20*g - 167. Is v(22) a prime number?
False
Let w(u) = 133*u + 2243. Let h be w(-17). Let n be -2 - 3*-1 - 1. Is (n + -3)/(h/27942) composite?
False
Let j be 363/(-297) + (-2)/(-9). Is (j - -98)*(-42 + 109) a prime number?
False
Suppose 2*g + g + 15 = 5*y, -2*g = 5*y - 40. Let l be (3/6)/(1 - y/8). Suppose -f - 4*q + 408 = f, 208 = f - l*q. Is f a composite number?
True
Let q = 134 - -334. Let j = q + 1595. Is j composite?
False
Suppose -132*b + 63*b = -80*b + 3569071. Is b a prime number?
False
Suppose 0 = -3*h - 5*u + 16, h = -0*u + 3*u - 4. Suppose 3*q = h*q + 16817. Suppose 4*v - q = -4749. Is v a prime number?
False
Let h(v) = v + 6. Let m be h(-4). Suppose 7*g + 13 = -n + m*g, -5*n + 5*g = -55. Suppose -n*z + 2510 + 3937 = 0. Is z a prime number?
False
Suppose 0 = -p - 2 + 1697. Let k = 5104 - p. Is k prime?
False
Suppose -23 = -4*u - t - 2*t, 2*u + 4*t - 4 = 0. Let f(m) = 4*m - 29. Let v be f(u). Is 0/2 - (-533)/(-2 + v) composite?
True
Let w(n) be the second derivative of 11*n**5/60 + n**4/24 - 11*n**3/6 - 9*n**2 - 13*n. Let f(y) be the first derivative of w(y). Is f(-7) prime?
True
Suppose 26*z + 73 = -31. Is ((-349119)/(-9) - 4) + z a prime number?
True
Let d(t) be the second derivative of -2*t**3 + 5*t**2 + 32*t. Let k be d(3). Let f = 985 + k. Is f composite?
True
Suppose -160*u = -50*u - 40*u - 15155630. Is u a composite number?
False
Suppose 3*i - 33212 = -v, -88*v + 92*v - 132832 = -4*i. Is v prime?
False
Let b = -411967 + 603031. Suppose -31*a = -7*a - b. Is a prime?
False
Suppose 240*l - 89792 = 224*l. Suppose -z = z - 2*j - l, -11242 = -4*z - 2*j. Is z a prime number?
False
Suppose 8*l = -314743 + 782255. Is l a composite number?
False
Let k = -29771 + 17741. Let f = k - -19121. Is f a prime number?
False
Suppose -1756352 = 21*d - 5272646 - 2898387. Is d a composite number?
True
Suppose -50*u = -47*u - 87. Let v be 94*u*(3 + -2). Let p = 3841 - v. Is p prime?
False
Suppose -29*x + x = 29*x - 7615941. Is x a composite number?
True
Is 2/(-2) + 35395 - (-761 + 754) a composite number?
False
Suppose 3*s - 27 - 9 = 0. Let g be 29402/7 + s/(-42). Suppose i + 4*a = 1395, -3*i + a + 2*a + g = 0. Is i prime?
True
Suppose 17*k = 7*k + 30. Suppose k*v - 2*v = -4. Is v/((-20)/6045) - -4 composite?
False
Suppose t - 41 = -34. Let u(h) = 40*h**3 - 22*h**2 + 44*h - 9. Is u(t) prime?
True
Suppose -134*j + 263443 = 2*l - 133*j, 2*j = -6. Is l a composite number?
True
Let f(v) = 78*v**2 - 8*v + 4. Let u(x) = -78*x**2 + 7*x - 5. Let c(y) = -2*f(y) - 3*u(y). Let m be 6/(54/(-45)) + 8. Is c(m) prime?
False
Let o(s) = -2731*s**3 + 2*s + 2. Let r be o(-1). Suppose 5*d + 3*l = 10*d - r, 2174 = 4*d + 3*l. Is d composite?
True
Let o(n) = -55*n + 21. Let q be o(-4). Let m = q + -144. Is m a prime number?
True
Let f = 3591 - 3135. Let m be (3 - 1) + (1 - 1). Suppose 0*p + 3*l + 307 = m*p, -f = -3*p + 3*l. Is p a composite number?
False
Let d(y) = -18*y - 34. Let c be d(-2). Is 109/3*(91 + -4) + c composite?
False
Suppose 9*f + 10*f = -950. Let u = 971 + f. Is u prime?
False
Let v(s) = 7069*s - 587. Is v(4) composite?
False
Suppose 6 = 15*g - 13*g. Let f(x) = -4*x - 10. Let j be f(-3). Suppose -2*w - g*w = -5*h - 2010, -789 = -j*w + 5*h. Is w a prime number?
False
Let g be (28 - -1952)*(-34)/(-3). Let d 